 40626510 is divided by 52.
2
Calculate the remainder when 80364 is divided by 4461.
66
What is the remainder when 791394 is divided by 60824?
682
Calculate the remainder when 2478545 is divided by 166.
165
What is the remainder when 87254 is divided by 21810?
14
Calculate the remainder when 375724973 is divided by 46.
9
What is the remainder when 94413866 is divided by 534?
530
Calculate the remainder when 36433673 is divided by 1061.
1055
What is the remainder when 9986038 is divided by 87?
4
Calculate the remainder when 2064065 is divided by 43001.
17
Calculate the remainder when 12568018 is divided by 158.
66
Calculate the remainder when 16966 is divided by 16540.
426
What is the remainder when 81149704 is divided by 223?
4
What is the remainder when 23997247 is divided by 27?
25
Calculate the remainder when 122955 is divided by 5120.
75
Calculate the remainder when 609790492 is divided by 6.
4
What is the remainder when 14070520 is divided by 521128?
64
Calculate the remainder when 94923 is divided by 2260.
3
Calculate the remainder when 7301327 is divided by 13.
7
Calculate the remainder when 14406007 is divided by 1770.
1747
Calculate the remainder when 10450902 is divided by 1403.
1358
Calculate the remainder when 15868 is divided by 10.
8
What is the remainder when 8912221 is divided by 52?
45
What is the remainder when 80742 is divided by 1956?
546
Calculate the remainder when 301128 is divided by 247.
35
What is the remainder when 7152893 is divided by 2541?
2519
What is the remainder when 50620643 is divided by 225985?
3
What is the remainder when 12745559 is divided by 4248502?
53
Calculate the remainder when 10573318 is divided by 1020.
1018
What is the remainder when 44207347 is divided by 5019?
5014
Calculate the remainder when 246905905 is divided by 1082.
1079
What is the remainder when 144847 is divided by 28514?
2277
What is the remainder when 3216040 is divided by 202?
200
Calculate the remainder when 934689 is divided by 467138.
413
Calculate the remainder when 323655 is divided by 1915.
20
Calculate the remainder when 180557 is divided by 90231.
95
What is the remainder when 4151701 is divided by 133925?
26
Calculate the remainder when 2408856 is divided by 301.
254
Calculate the remainder when 2487481 is divided by 5259.
5233
Calculate the remainder when 2531075 is divided by 713.
638
Calculate the remainder when 140675151 is divided by 140675132.
19
Calculate the remainder when 1373559 is divided by 5950.
5059
What is the remainder when 140513031 is divided by 22576?
7
Calculate the remainder when 191871 is divided by 63743.
642
Calculate the remainder when 9815951 is divided by 145.
31
What is the remainder when 41651865 is divided by 563?
562
Calculate the remainder when 3223105 is divided by 1200.
1105
What is the remainder when 455179472 is divided by 53?
49
Calculate the remainder when 362723 is divided by 2390.
1833
Calculate the remainder when 87634 is divided by 10808.
1170
What is the remainder when 6350528 is divided by 110?
8
What is the remainder when 127210 is divided by 176?
138
Calculate the remainder when 150116 is divided by 125.
116
Calculate the remainder when 8089 is divided by 2256.
1321
What is the remainder when 1607550 is divided by 57?
36
Calculate the remainder when 587197063 is divided by 4155.
4153
Calculate the remainder when 7837041 is divided by 897.
849
Calculate the remainder when 4674440 is divided by 550.
540
Calculate the remainder when 822606 is divided by 43.
16
What is the remainder when 61846 is divided by 7107?
4990
What is the remainder when 733835 is divided by 963?
29
What is the remainder when 1246545 is divided by 249307?
10
Calculate the remainder when 1723382 is divided by 768.
758
What is the remainder when 35111501 is divided by 17555747?
7
Calculate the remainder when 7627 is divided by 4685.
2942
What is the remainder when 261390 is divided by 2466?
2460
What is the remainder when 43035 is divided by 3572?
171
What is the remainder when 353496 is divided by 10099?
31
Calculate the remainder when 1649685 is divided by 853.
836
What is the remainder when 111589 is divided by 4850?
39
Calculate the remainder when 52799716 is divided by 17.
11
What is the remainder when 175897 is divided by 543?
508
What is the remainder when 5902525 is divided by 16?
13
What is the remainder when 19553446 is divided by 40?
6
What is the remainder when 9217478 is divided by 6925?
303
What is the remainder when 657627 is divided by 88?
3
Calculate the remainder when 34680 is divided by 31085.
3595
Calculate the remainder when 645527 is divided by 46.
9
Calculate the remainder when 39336530 is divided by 336.
2
Calculate the remainder when 173995 is divided by 2768.
2379
What is the remainder when 126440 is divided by 377?
145
Calculate the remainder when 113015 is divided by 37600.
215
What is the remainder when 121765 is divided by 1000?
765
What is the remainder when 1218607 is divided by 110782?
5
Calculate the remainder when 66962 is divided by 4585.
2772
What is the remainder when 376505 is divided by 17893?
752
What is the remainder when 13908 is divided by 3385?
368
What is the remainder when 24202 is divided by 1253?
395
What is the remainder when 69314 is divided by 17158?
682
Calculate the remainder when 11351438 is divided by 94.
92
Calculate the remainder when 103131 is divided by 15.
6
What is the remainder when 10513611 is divided by 238945?
31
Calculate the remainder when 2713975 is divided by 18847.
7
Calculate the remainder when 1744492 is divided by 872208.
76
What is the remainder when 567862 is divided by 792?
790
What is the remainder when 443090 is divided by 110769?
14
Calculate the remainder when 19807 is divided by 207.
142
What is the remainder when 11757 is divided by 898?
83
What is the remainder when 40695071 is divided by 133?
130
Calculate the remainder when 741712 is divided by 27463.
211
What is the remainder when 23157730 is divided by 676?
674
Calculate the remainder when 641406 is divided by 20690.
16
Calculate the remainder when 490719 is divided by 17517.
243
What is the remainder when 106007641 is divided by 120?
1
What is the remainder when 114825 is divided by 16059?
2412
Calculate the remainder when 38734156 is divided by 847.
846
Calculate the remainder when 75470303 is divided by 15.
8
Calculate the remainder when 8639889 is divided by 35.
34
What is the remainder when 2695876 is divided by 269?
227
Calculate the remainder when 16232017 is divided by 1781.
1764
Calculate the remainder when 25302 is divided by 7603.
2493
What is the remainder when 10235645 is divided by 243?
242
What is the remainder when 84103053 is divided by 21025762?
5
Calculate the remainder when 413711 is divided by 206844.
23
Calculate the remainder when 220085101 is divided by 220085095.
6
Calculate the remainder when 1880463 is divided by 27253.
6
What is the remainder when 6521594 is divided by 931655?
9
Calculate the remainder when 237623 is divided by 211.
37
What is the remainder when 11985467 is divided by 4494?
4463
Calculate the remainder when 25425469 is divided by 25425451.
18
Calculate the remainder when 158598 is divided by 163.
162
What is the remainder when 2775580 is divided by 2122?
4
What is the remainder when 445528 is divided by 3252?
4
What is the remainder when 30132640 is divided by 70?
20
Calculate the remainder when 141557982 is divided by 23592995.
12
What is the remainder when 1403428 is divided by 21591?
13
What is the remainder when 1473720 is divided by 42106?
10
What is the remainder when 38794 is divided by 12355?
1729
Calculate the remainder when 4978367 is divided by 78.
17
What is the remainder when 155426 is divided by 10?
6
What is the remainder when 222717 is divided by 120?
117
What is the remainder when 2777676 is divided by 3069?
231
What is the remainder when 69396931 is divided by 4174?
7
Calculate the remainder when 9658815 is divided by 527.
486
What is the remainder when 960691153 is divided by 1283?
1281
Calculate the remainder when 272765 is divided by 136242.
281
What is the remainder when 139184814 is divided by 34796197?
26
What is the remainder when 24743 is divided by 24738?
5
What is the remainder when 3893560 is di